n divisor of 104 and h?
13
Let w be (2 + 2/(-4))*(9 - -1). Suppose -3*j + 2*q = -184, -5*j - 4*q + 232 = -j. What is the greatest common factor of w and j?
15
Let w(j) = -j**2 + 18*j - 8. Let u be w(14). What is the highest common factor of 12 and u?
12
Let s(m) = -2*m**3 - 3*m**2 + 3*m**3 + 6 + 6*m**3 - 5*m - 6*m**3. Let t be s(4). What is the greatest common factor of 6 and t?
2
Suppose -6*h + 0*h + 432 = 0. Let i = -61 + 85. Calculate the greatest common factor of h and i.
24
Suppose 3*n - 9*n + 1386 = 0. What is the highest common factor of n and 21?
21
Let d = -20 + 76. What is the highest common factor of 14 and d?
14
Suppose b = -0*m - 3*m + 1, 0 = -b - m + 1. Suppose -36 = -4*u - 0*u. Let h = -8 + u. What is the greatest common divisor of h and b?
1
Let l = -35 + 36. Calculate the greatest common factor of 3 and l.
1
Let u be (-2)/(-5) - (-23)/5. Suppose -u*p + 0*p = -420. What is the highest common divisor of p and 12?
12
Let n = -12 - -34. Let g be ((484 - 0)/2)/1. Calculate the highest common divisor of g and n.
22
Suppose 0 = -3*u + 2*g + 91, 2*u = u + g + 32. Suppose 0 = 3*f - 2*f - 3. What is the greatest common factor of f and u?
3
Let s = -1 - -4. Suppose -p - 2*g = 0, -3*g - 65 = -s*p - 2*p. Let x = 5 + -3. Calculate the greatest common factor of p and x.
2
Let d = -6 - -12. Let s be 2571/27 + d/(-27). Suppose 3*p + 64 = 2*m - 3, 64 = 2*m - 4*p. Calculate the greatest common factor of s and m.
19
Let h(r) = -2*r**2 + 4*r - 3. Let y be h(2). Let z = y - -11. What is the highest common divisor of 56 and z?
8
Let c(y) be the second derivative of y**4/6 - 2*y**3/3 - y**2/2 + 2*y. Let h be c(-3). Let k = h - 18. What is the highest common factor of 11 and k?
11
Let m = 16 - 10. Suppose -u = -2*u - m. Let h be (20 - 1) + u/6. What is the greatest common factor of 9 and h?
9
Let i(w) = -w + 36. Let u be i(0). What is the greatest common divisor of 4 and u?
4
Suppose 3*u - 2*u = 3. Suppose -u*j + j = -180. Calculate the highest common divisor of j and 10.
10
Let o(a) = -a + 3. Let h be o(7). Let i(k) = -k**2 - 3*k - 2. Let j be i(h). Let f be (-2)/(j/21 + 0). Calculate the greatest common factor of f and 28.
7
Let v = 50 - 26. Let j be (-7)/(-2) + 2/(-4). Suppose -3*d + 23 = 4*c, j*c + 4*d + d - 9 = 0. What is the greatest common divisor of c and v?
8
Suppose 19 = -3*g - 8. Suppose 0 = 5*o - 4*o + 21. Let q = g - o. What is the greatest common factor of q and 132?
12
Let x(g) = 10*g**2 + 2*g - 4. Let c be x(5). Suppose -3*t + 7*t = -4*s + c, -2*s + 5*t = -142. What is the greatest common divisor of s and 6?
6
Let h(x) = 3*x**3 - x**2 - 2*x + 3. Suppose -13 - 1 = 3*z + 5*p, -p = -2*z + 8. Let a be h(z). What is the greatest common factor of a and 133?
19
Let c = -3 - -5. Let b = 0 + c. Let l be (b - 2) + 11*10. Calculate the highest common factor of 10 and l.
10
Let s be 5*6/(18/15). Suppose -c = 2*u - 196, -c + 70 = 4*u - 122. Calculate the greatest common divisor of s and c.
25
Let t be 7*2 + -1 + -2. Let u = t + 1. Let y be (3/(-2))/((-1)/4). Calculate the greatest common factor of u and y.
6
Let v be (4/2)/2 - -93. Let r = -62 + v. What is the highest common factor of r and 16?
16
Suppose -15 = 4*j - 51. Let s be (-2)/2*(-1 - 2). Let m be s/5 - 12/(-30). What is the highest common factor of j and m?
1
Suppose -3*n - 3*h + 81 = -84, 3*h - 61 = -n. What is the greatest common divisor of n and 26?
26
Let y = 34 + -15. Let l(g) = 7*g - 11 + 0*g + 0*g + g**2. Let s be l(9). What is the greatest common divisor of s and y?
19
Let y(u) = u**2 - 19*u + 4. Let a be y(22). What is the greatest common divisor of a and 28?
14
Let k be 2/(-7) + (-7776)/(-21). Suppose -4*h + k + 342 = 0. Let y be (-2)/((-4)/h) + -1. What is the greatest common divisor of y and 11?
11
Suppose 5*a - 10 = -f, 4*a - 15 = -2*f - a. Suppose -c + f = -1. Calculate the highest common factor of c and 15.
3
Let h(o) = 6*o - 8. Let s be h(6). Suppose -s = -2*d + 2. What is the highest common divisor of d and 75?
15
Suppose 13*z = 21 + 57. What is the highest common divisor of 18 and z?
6
Let u = 17 + -7. Suppose -3*b = -b - 80. Calculate the greatest common factor of b and u.
10
Suppose -4*a = h + 194 - 985, -3*a + 5*h = -599. Let r(d) = d**3 + 8*d**2 + 7*d - 8. Let f be r(-6). Calculate the greatest common divisor of a and f.
22
Let s(a) = 3*a**2 - a - 4. Let b be s(-4). Let u = 15 - 9. What is the highest common factor of b and u?
6
Suppose -10 = -d + 6. Calculate the highest common divisor of 16 and d.
16
Let h = -7 + 27. Suppose y - h = -y. Calculate the highest common divisor of y and 5.
5
Suppose t - 7 = -4*h, 2*h + 5 = h + 2*t. Let k = h + 5. Calculate the greatest common factor of 66 and k.
6
Suppose 2*x = 3*x - 44. Let j = -11 + x. What is the greatest common divisor of 11 and j?
11
Suppose 9*h - 8*h + 2 = 0. Let q be 3 + (1 + h - -42). Calculate the greatest common factor of 11 and q.
11
Let n(c) = -c**3 + 4*c**2 + 6*c - 2. Suppose -12 = -4*u + 8. Let l be n(u). What is the highest common factor of 12 and l?
3
Suppose 2*g = -17 - 19. Let x be (-222)/g - 1/3. Let c be (-16)/6*(-90)/4. What is the highest common factor of x and c?
12
Let d(l) = -l + 11. Let j be d(8). Let k be 47/3 + j/9. What is the greatest common divisor of 16 and k?
16
Let v = -52 - -98. Suppose 3*w = n + 211, 3*w - n = -2*n + 203. What is the greatest common divisor of w and v?
23
Suppose 2*n - 5*d = 21, -15 = d + 4*d. Calculate the greatest common divisor of n and 21.
3
Let t(k) = 3*k**2 + k + 1. Let l(j) = j**2 - 5*j + 2. Let r be l(4). Let h be t(r). Calculate the greatest common divisor of h and 55.
11
Suppose 3*a - 11 = 46. Suppose -h + a = 7. What is the greatest common factor of 8 and h?
4
Let a = -15 + 43. What is the highest common divisor of a and 42?
14
Let m be 20*((-9)/4 - (3 - 6)). Calculate the highest common factor of 3 and m.
3
Let z(k) = -30*k + 11. Let i(r) = -59*r + 23. Let t(b) = -3*i(b) + 5*z(b). Let x be t(6). Calculate the greatest common divisor of 37 and x.
37
Suppose 5*u - 16 - 54 = 0. Let a be 1/((-6)/28)*-9. What is the greatest common factor of u and a?
14
Let w = -63 + 88. Calculate the highest common factor of w and 125.
25
Suppose -4*u + 0*u = -32. Suppose 0 = 5*y + 4*d - u*d + 11, -5*d = -y - 19. Calculate the highest common factor of 1 and y.
1
Let s(u) = u**2 - 2*u - 9. Let w be s(5). What is the highest common factor of 9 and w?
3
Suppose 6*t - 262 = 68. Let g(d) = -12*d**3 - 2*d**2 - d. Let b be g(-1). Calculate the greatest common factor of b and t.
11
Let i(b) = 6*b**2 - 4*b + 2. Let m be i(1). Let h(d) = -2*d - 1. Let w be h(3). Let q be (-1)/(-2) + w/(-2). What is the highest common divisor of q and m?
4
Let k(r) = -r**2 + 9*r - 8. Let q be k(7). Let h = 8 - q. Let j be h/(-2 - (-28)/13). What is the greatest common factor of 117 and j?
13
Let p(c) = c**3 + c**2. Let z be p(-1). Suppose h = -z*h + 21. Let t be (4/(-8))/(1/(-14)). Calculate the greatest common factor of t and h.
7
Let k(b) = -58*b - 14. Let r be k(-2). What is the greatest common factor of 68 and r?
34
Let v = 42 + 54. What is the highest common divisor of 48 and v?
48
Let b = 17 - 10. Calculate the greatest common factor of b and 77.
7
Suppose 8 = -3*n + 38. Let t be (-295)/(-20) + 2/8. What is the highest common factor of t and n?
5
Let x be 4/((-1)/(-10)*8). What is the highest common divisor of 55 and x?
5
Let y(t) = -1 + 8 + 2*t - 1. Let i be y(-4). Let p be 2 - (-1)/2*i. What is the greatest common divisor of 3 and p?
1
Let v be 11 + (-1)/(0 - -1). Suppose -5*i + 2*z + 1 = 4, -3*z = 2*i + 5. Let w(q) = -39*q + 1. Let x be w(i). Calculate the highest common factor of v and x.
10
Let a(k) be the third derivative of -k**6/120 - 2*k**5/15 - k**4/24 + k**3 - 2*k**2. Let u be a(-8). What is the highest common divisor of 14 and u?
14
Let l(p) = 8*p**2 + 2*p - 1. Let a be l(-2). Calculate the greatest common factor of a and 9.
9
Let w = 82 - 77. What is the highest common divisor of w and 15?
5
Let r(m) = m**2 + 4*m + 4. Let z be r(-3). Let j = 124 - 64. Suppose 5*u - 48 = l, -5*u = -4*l - l - j. What is the highest common divisor of z and u?
1
Suppose 5*s + 22 = 447. Let q = 29 - 12. What is the highest common factor of q and s?
17
Suppose 5*r + 2*p - 849 = 0, 9 = -r - p + 177. Calcu